{"id":492,"date":"2016-03-16T08:49:59","date_gmt":"2016-03-16T07:49:59","guid":{"rendered":"http:\/\/www.fewovermittlungkoeln.de\/content\/?page_id=492"},"modified":"2022-12-25T15:34:37","modified_gmt":"2022-12-25T14:34:37","slug":"33-muelheim-montanusstrasse","status":"publish","type":"page","link":"https:\/\/www.fewovermittlungkoeln.de\/content\/ferienwohnung-koeln-uebersicht\/33-muelheim-montanusstrasse\/","title":{"rendered":"33 M\u00fclheim Wohnung"},"content":{"rendered":"<p><!-- Einbindung slimbox --><\/p>\n<p><script type=\"text\/javascript\" src=\"slimbox\/js\/mootools.js\"><\/script><\/p>\n<p><script type=\"text\/javascript\" src=\"slimbox\/js\/slimbox.js\"><\/script><\/p>\n<p><!-- ende slimbox --><\/p>\n<h1>Montanus 2 &#8211; K\u00f6ln-M\u00fclheim<\/h1>\n<p>F\u00fcr bis zu 4 Personen, komplett eingerichtete, 2 Zimmerwohnung (55 qm).<br \/>\nOptimale Verkehrsanbindung, der Bahnhof M\u00fclheim mit S-Bahn, U-Bahn und<br \/>\nZugverbindung ist fu\u00dfl\u00e4ufig in wenigen Minuten erreichbar.<\/p>\n<p><strong>Ausstattung:<\/strong><br \/>\n\u2022 Balkon \u00a0\u00a0\u2022 Fernseher<br \/>\n\u2022 K\u00fchlschrank \u00a0\u00a0\u2022 Toaster<br \/>\n\u2022 Mikrowelle \u2022 Kaffeemaschine<br \/>\n\u2022 Backofen<\/p>\n<h3><\/h3>\n<hr \/>\n<h3>gleich Verf\u00fcgbarkeit erfragen unter <span style=\"color: #439fe0;\">0176\/82155932<\/span><\/h3>\n<h3>bzw. per E-Mail unter <span style=\"color: #439fe0;\"><a href=\"mailto:xkoeln@googlemail.com?subjekt=Anfrage Whg.33\" target=\"_blank\" rel=\"noopener\">xkoeln@googlemail.com<\/a><\/span><\/h3>\n<h3>oder schnell das <span style=\"color: #439fe0;\"><a href=\"#kontakt\">Kontaktformular <\/a><\/span>ausf\u00fcllen!<\/h3>\n<hr \/>\n<p><a href=\"http:\/\/www.fewovermittlungkoeln.de\/content\/wp-content\/uploads\/P8110085.jpg\" rel=\"lightbox[rink]\"><img loading=\"lazy\" class=\"alignnone size-medium wp-image-497\" src=\"http:\/\/www.fewovermittlungkoeln.de\/content\/wp-content\/uploads\/P8110085-300x225.jpg\" alt=\"\" width=\"300\" height=\"225\" srcset=\"https:\/\/www.fewovermittlungkoeln.de\/content\/wp-content\/uploads\/P8110085-300x225.jpg 300w, https:\/\/www.fewovermittlungkoeln.de\/content\/wp-content\/uploads\/P8110085-150x113.jpg 150w, https:\/\/www.fewovermittlungkoeln.de\/content\/wp-content\/uploads\/P8110085-1024x768.jpg 1024w, https:\/\/www.fewovermittlungkoeln.de\/content\/wp-content\/uploads\/P8110085.jpg 1200w\" sizes=\"(max-width: 300px) 100vw, 300px\" \/><\/a>\u00a0 \u00a0<a href=\"http:\/\/www.fewovermittlungkoeln.de\/content\/wp-content\/uploads\/P8110086.jpg\" rel=\"lightbox[rink]\"><img loading=\"lazy\" class=\"alignnone size-medium wp-image-498\" src=\"http:\/\/www.fewovermittlungkoeln.de\/content\/wp-content\/uploads\/P8110086-300x225.jpg\" alt=\"\" width=\"300\" height=\"225\" srcset=\"https:\/\/www.fewovermittlungkoeln.de\/content\/wp-content\/uploads\/P8110086-300x225.jpg 300w, https:\/\/www.fewovermittlungkoeln.de\/content\/wp-content\/uploads\/P8110086-150x113.jpg 150w, https:\/\/www.fewovermittlungkoeln.de\/content\/wp-content\/uploads\/P8110086-1024x768.jpg 1024w, https:\/\/www.fewovermittlungkoeln.de\/content\/wp-content\/uploads\/P8110086.jpg 1200w\" sizes=\"(max-width: 300px) 100vw, 300px\" \/><\/a><\/p>\n<p><a href=\"http:\/\/www.fewovermittlungkoeln.de\/content\/wp-content\/uploads\/P8110088.jpg\" rel=\"lightbox[rink]\"><img loading=\"lazy\" class=\"alignnone size-medium wp-image-500\" src=\"http:\/\/www.fewovermittlungkoeln.de\/content\/wp-content\/uploads\/P8110088-300x225.jpg\" alt=\"\" width=\"300\" height=\"225\" srcset=\"https:\/\/www.fewovermittlungkoeln.de\/content\/wp-content\/uploads\/P8110088-300x225.jpg 300w, https:\/\/www.fewovermittlungkoeln.de\/content\/wp-content\/uploads\/P8110088-150x113.jpg 150w, https:\/\/www.fewovermittlungkoeln.de\/content\/wp-content\/uploads\/P8110088-1024x768.jpg 1024w, https:\/\/www.fewovermittlungkoeln.de\/content\/wp-content\/uploads\/P8110088.jpg 1200w\" sizes=\"(max-width: 300px) 100vw, 300px\" \/><\/a>\u00a0\u00a0 <a href=\"http:\/\/www.fewovermittlungkoeln.de\/content\/wp-content\/uploads\/P8110087.jpg\" rel=\"lightbox[rink]\"><img loading=\"lazy\" class=\"alignnone size-medium wp-image-499\" src=\"http:\/\/www.fewovermittlungkoeln.de\/content\/wp-content\/uploads\/P8110087-300x225.jpg\" alt=\"\" width=\"300\" height=\"225\" srcset=\"https:\/\/www.fewovermittlungkoeln.de\/content\/wp-content\/uploads\/P8110087-300x225.jpg 300w, https:\/\/www.fewovermittlungkoeln.de\/content\/wp-content\/uploads\/P8110087-150x113.jpg 150w, https:\/\/www.fewovermittlungkoeln.de\/content\/wp-content\/uploads\/P8110087-1024x768.jpg 1024w, https:\/\/www.fewovermittlungkoeln.de\/content\/wp-content\/uploads\/P8110087.jpg 1200w\" sizes=\"(max-width: 300px) 100vw, 300px\" \/><\/a><\/p>\n<p><a href=\"http:\/\/www.fewovermittlungkoeln.de\/content\/wp-content\/uploads\/P8110092.jpg\" rel=\"lightbox[rink]\"><img loading=\"lazy\" class=\"alignnone size-medium wp-image-496\" src=\"http:\/\/www.fewovermittlungkoeln.de\/content\/wp-content\/uploads\/P8110092-300x225.jpg\" alt=\"\" width=\"300\" height=\"225\" srcset=\"https:\/\/www.fewovermittlungkoeln.de\/content\/wp-content\/uploads\/P8110092-300x225.jpg 300w, https:\/\/www.fewovermittlungkoeln.de\/content\/wp-content\/uploads\/P8110092-150x113.jpg 150w, https:\/\/www.fewovermittlungkoeln.de\/content\/wp-content\/uploads\/P8110092-1024x768.jpg 1024w, https:\/\/www.fewovermittlungkoeln.de\/content\/wp-content\/uploads\/P8110092.jpg 1200w\" sizes=\"(max-width: 300px) 100vw, 300px\" \/><\/a><\/p>\n<p><a href=\"http:\/\/www.fewovermittlungkoeln.de\/content\/wp-content\/uploads\/P8110091.jpg\" rel=\"lightbox[rink]\"><img loading=\"lazy\" class=\"alignnone size-medium wp-image-495\" src=\"http:\/\/www.fewovermittlungkoeln.de\/content\/wp-content\/uploads\/P8110091-225x300.jpg\" alt=\"\" width=\"225\" height=\"300\" srcset=\"https:\/\/www.fewovermittlungkoeln.de\/content\/wp-content\/uploads\/P8110091-225x300.jpg 225w, https:\/\/www.fewovermittlungkoeln.de\/content\/wp-content\/uploads\/P8110091-113x150.jpg 113w, https:\/\/www.fewovermittlungkoeln.de\/content\/wp-content\/uploads\/P8110091-768x1024.jpg 768w, https:\/\/www.fewovermittlungkoeln.de\/content\/wp-content\/uploads\/P8110091.jpg 900w\" sizes=\"(max-width: 225px) 100vw, 225px\" \/><\/a>\u00a0 \u00a0<a href=\"http:\/\/www.fewovermittlungkoeln.de\/content\/wp-content\/uploads\/P8110090.jpg\" rel=\"lightbox[rink]\"><img loading=\"lazy\" class=\"alignnone size-medium wp-image-494\" src=\"http:\/\/www.fewovermittlungkoeln.de\/content\/wp-content\/uploads\/P8110090-225x300.jpg\" alt=\"\" width=\"225\" height=\"300\" srcset=\"https:\/\/www.fewovermittlungkoeln.de\/content\/wp-content\/uploads\/P8110090-225x300.jpg 225w, https:\/\/www.fewovermittlungkoeln.de\/content\/wp-content\/uploads\/P8110090-113x150.jpg 113w, https:\/\/www.fewovermittlungkoeln.de\/content\/wp-content\/uploads\/P8110090-768x1024.jpg 768w, https:\/\/www.fewovermittlungkoeln.de\/content\/wp-content\/uploads\/P8110090.jpg 900w\" sizes=\"(max-width: 225px) 100vw, 225px\" \/><\/a><\/p>\n<p><a href=\"http:\/\/www.fewovermittlungkoeln.de\/content\/wp-content\/uploads\/P8110089.jpg\" rel=\"lightbox[rink]\"><img loading=\"lazy\" class=\"alignnone size-medium wp-image-493\" src=\"http:\/\/www.fewovermittlungkoeln.de\/content\/wp-content\/uploads\/P8110089-225x300.jpg\" alt=\"\" width=\"225\" height=\"300\" srcset=\"https:\/\/www.fewovermittlungkoeln.de\/content\/wp-content\/uploads\/P8110089-225x300.jpg 225w, https:\/\/www.fewovermittlungkoeln.de\/content\/wp-content\/uploads\/P8110089-113x150.jpg 113w, https:\/\/www.fewovermittlungkoeln.de\/content\/wp-content\/uploads\/P8110089-768x1024.jpg 768w, https:\/\/www.fewovermittlungkoeln.de\/content\/wp-content\/uploads\/P8110089.jpg 900w\" sizes=\"(max-width: 225px) 100vw, 225px\" \/><br \/>\n<\/a><\/p>\n<p><iframe src=\"http:\/\/maps.google.de\/maps?f=q&amp;source=s_q&amp;hl=de&amp;geocode=&amp;q=Montanusstra%C3%9Fe+64,+K%C3%B6ln&amp;sll=50.93608,6.961319&amp;sspn=0.007248,0.016544&amp;ie=UTF8&amp;hq=&amp;hnear=Montanusstra%C3%9Fe+64,+K%C3%B6ln+51065+K%C3%B6ln,+Nordrhein-Westfalen&amp;ll=50.966806,7.017946&amp;spn=0.018919,0.036478&amp;z=14&amp;iwloc=A&amp;output=embed\" width=\"425\" height=\"350\" frameborder=\"0\" marginwidth=\"0\" marginheight=\"0\" scrolling=\"no\"><\/iframe><\/p>\n<hr \/>\n<h4 id=\"kontakt\">Preisgestaltung:<\/h4>\n<p>1 bis 2 Personen je Nacht: \u00a0 <strong>\u00a060 Euro*<\/strong><br \/>\n3 Personen je Nacht: \u00a0 \u00a0 \u00a0 \u00a0 \u00a0 \u00a0 <strong>70 Euro*<\/strong><br \/>\n4 Personen je Nacht: \u00a0 \u00a0 \u00a0 \u00a0 \u00a0 \u00a0 <strong>80 Euro*<\/strong><\/p>\n<h5>Mindestaufenthalt: 2 N\u00e4chte<br \/>\nZu besonderen Ereignissen (z.B. Messezeiten, Karneval, Silvester) Preise auf Anfrage.<\/h5>\n<h6>*Alle Preise inklusive Mehrwertsteuer (7%)<br \/>\nbei privatem Aufenthalt zuz\u00fcglich 5% <a href=\"http:\/\/www.stadt-koeln.de\/politik-und-verwaltung\/finanzen\/kulturfoerderabgabe\" target=\"_blank\" rel=\"noopener\">Kulturf\u00f6rderabgabe<\/a>\u00a0der Stadt K\u00f6ln<\/h6>\n<p><strong>Wohnraum ID NRW 003-3-0010065-22 <\/strong><br \/>\n<span style=\"font-size: small;\"><br \/>\nAngaben zum Energieausweis: Baujahr 1957, Bedarfsausweis, Endenergiebedarf 120,5 kWh\/(m\u00b2a), Gas, Energieeffizienzklasse im Ausweis nicht angegeben<br \/>\n<\/span><\/p>\n<hr \/>\n<h3>gleich Verf\u00fcgbarkeit erfragen unter <span style=\"color: #439fe0;\">0176\/82155932<\/span><\/h3>\n<h3>oder schnell das <span style=\"color: #439fe0;\">Kontaktformular <\/span>ausf\u00fcllen!<\/h3>\n","protected":false},"excerpt":{"rendered":"<p>Montanus 2 &#8211; K\u00f6ln-M\u00fclheim F\u00fcr bis zu 4 Personen, komplett eingerichtete, 2 Zimmerwohnung (55 qm). Optimale Verkehrsanbindung, der Bahnhof M\u00fclheim mit S-Bahn, U-Bahn und Zugverbindung ist fu\u00dfl\u00e4ufig in wenigen Minuten erreichbar. Ausstattung: \u2022 Balkon \u00a0\u00a0\u2022 Fernseher \u2022 K\u00fchlschrank \u00a0\u00a0\u2022 Toaster \u2022 Mikrowelle \u2022 Kaffeemaschine \u2022 Backofen gleich Verf\u00fcgbarkeit erfragen unter 0176\/82155932 bzw. per E-Mail unter<\/p>\n","protected":false},"author":1,"featured_media":0,"parent":6,"menu_order":0,"comment_status":"closed","ping_status":"closed","template":"","meta":[],"_links":{"self":[{"href":"https:\/\/www.fewovermittlungkoeln.de\/content\/wp-json\/wp\/v2\/pages\/492"}],"collection":[{"href":"https:\/\/www.fewovermittlungkoeln.de\/content\/wp-json\/wp\/v2\/pages"}],"about":[{"href":"https:\/\/www.fewovermittlungkoeln.de\/content\/wp-json\/wp\/v2\/types\/page"}],"author":[{"embeddable":true,"href":"https:\/\/www.fewovermittlungkoeln.de\/content\/wp-json\/wp\/v2\/users\/1"}],"replies":[{"embeddable":true,"href":"https:\/\/www.fewovermittlungkoeln.de\/content\/wp-json\/wp\/v2\/comments?post=492"}],"version-history":[{"count":13,"href":"https:\/\/www.fewovermittlungkoeln.de\/content\/wp-json\/wp\/v2\/pages\/492\/revisions"}],"predecessor-version":[{"id":2196,"href":"https:\/\/www.fewovermittlungkoeln.de\/content\/wp-json\/wp\/v2\/pages\/492\/revisions\/2196"}],"up":[{"embeddable":true,"href":"https:\/\/www.fewovermittlungkoeln.de\/content\/wp-json\/wp\/v2\/pages\/6"}],"wp:attachment":[{"href":"https:\/\/www.fewovermittlungkoeln.de\/content\/wp-json\/wp\/v2\/media?parent=492"}],"curies":[{"name":"wp","href":"https:\/\/api.w.org\/{rel}","templated":true}]}}

33 Mülheim Wohnung

<p><!-- Einbindung slimbox --></p>
<p><script type="text/javascript" src="slimbox/js/mootools.js"></script></p>
<p><script type="text/javascript" src="slimbox/js/slimbox.js"></script></p>
<p><!-- ende slimbox --></p>
<h1>Montanus 2 &#8211; Köln-Mülheim</h1>
<p>Für bis zu 4 Personen, komplett eingerichtete, 2 Zimmerwohnung (55 qm).<br />
Optimale Verkehrsanbindung, der Bahnhof Mülheim mit S-Bahn, U-Bahn und<br />
Zugverbindung ist fußläufig in wenigen Minuten erreichbar.</p>
<p><strong>Ausstattung:</strong><br />
• Balkon   • Fernseher<br />
• Kühlschrank   • Toaster<br />
• Mikrowelle • Kaffeemaschine<br />
• Backofen</p>
<h3></h3>
<hr />
<h3>gleich Verfügbarkeit erfragen unter <span style="color: #439fe0;">0176/82155932</span></h3>
<h3>bzw. per E-Mail unter <span style="color: #439fe0;"><a href="mailto:xkoeln@googlemail.com?subjekt=Anfrage Whg.33" target="_blank" rel="noopener">xkoeln@googlemail.com</a></span></h3>
<h3>oder schnell das <span style="color: #439fe0;"><a href="#kontakt">Kontaktformular </a></span>ausfüllen!</h3>
<hr />
<p><a href="http://www.fewovermittlungkoeln.de/content/wp-content/uploads/P8110085.jpg" rel="lightbox[rink]"><img loading="lazy" class="alignnone size-medium wp-image-497" src="http://www.fewovermittlungkoeln.de/content/wp-content/uploads/P8110085-300x225.jpg" alt="" width="300" height="225" srcset="https://www.fewovermittlungkoeln.de/content/wp-content/uploads/P8110085-300x225.jpg 300w, https://www.fewovermittlungkoeln.de/content/wp-content/uploads/P8110085-150x113.jpg 150w, https://www.fewovermittlungkoeln.de/content/wp-content/uploads/P8110085-1024x768.jpg 1024w, https://www.fewovermittlungkoeln.de/content/wp-content/uploads/P8110085.jpg 1200w" sizes="(max-width: 300px) 100vw, 300px" /></a>   <a href="http://www.fewovermittlungkoeln.de/content/wp-content/uploads/P8110086.jpg" rel="lightbox[rink]"><img loading="lazy" class="alignnone size-medium wp-image-498" src="http://www.fewovermittlungkoeln.de/content/wp-content/uploads/P8110086-300x225.jpg" alt="" width="300" height="225" srcset="https://www.fewovermittlungkoeln.de/content/wp-content/uploads/P8110086-300x225.jpg 300w, https://www.fewovermittlungkoeln.de/content/wp-content/uploads/P8110086-150x113.jpg 150w, https://www.fewovermittlungkoeln.de/content/wp-content/uploads/P8110086-1024x768.jpg 1024w, https://www.fewovermittlungkoeln.de/content/wp-content/uploads/P8110086.jpg 1200w" sizes="(max-width: 300px) 100vw, 300px" /></a></p>
<p><a href="http://www.fewovermittlungkoeln.de/content/wp-content/uploads/P8110088.jpg" rel="lightbox[rink]"><img loading="lazy" class="alignnone size-medium wp-image-500" src="http://www.fewovermittlungkoeln.de/content/wp-content/uploads/P8110088-300x225.jpg" alt="" width="300" height="225" srcset="https://www.fewovermittlungkoeln.de/content/wp-content/uploads/P8110088-300x225.jpg 300w, https://www.fewovermittlungkoeln.de/content/wp-content/uploads/P8110088-150x113.jpg 150w, https://www.fewovermittlungkoeln.de/content/wp-content/uploads/P8110088-1024x768.jpg 1024w, https://www.fewovermittlungkoeln.de/content/wp-content/uploads/P8110088.jpg 1200w" sizes="(max-width: 300px) 100vw, 300px" /></a>   <a href="http://www.fewovermittlungkoeln.de/content/wp-content/uploads/P8110087.jpg" rel="lightbox[rink]"><img loading="lazy" class="alignnone size-medium wp-image-499" src="http://www.fewovermittlungkoeln.de/content/wp-content/uploads/P8110087-300x225.jpg" alt="" width="300" height="225" srcset="https://www.fewovermittlungkoeln.de/content/wp-content/uploads/P8110087-300x225.jpg 300w, https://www.fewovermittlungkoeln.de/content/wp-content/uploads/P8110087-150x113.jpg 150w, https://www.fewovermittlungkoeln.de/content/wp-content/uploads/P8110087-1024x768.jpg 1024w, https://www.fewovermittlungkoeln.de/content/wp-content/uploads/P8110087.jpg 1200w" sizes="(max-width: 300px) 100vw, 300px" /></a></p>
<p><a href="http://www.fewovermittlungkoeln.de/content/wp-content/uploads/P8110092.jpg" rel="lightbox[rink]"><img loading="lazy" class="alignnone size-medium wp-image-496" src="http://www.fewovermittlungkoeln.de/content/wp-content/uploads/P8110092-300x225.jpg" alt="" width="300" height="225" srcset="https://www.fewovermittlungkoeln.de/content/wp-content/uploads/P8110092-300x225.jpg 300w, https://www.fewovermittlungkoeln.de/content/wp-content/uploads/P8110092-150x113.jpg 150w, https://www.fewovermittlungkoeln.de/content/wp-content/uploads/P8110092-1024x768.jpg 1024w, https://www.fewovermittlungkoeln.de/content/wp-content/uploads/P8110092.jpg 1200w" sizes="(max-width: 300px) 100vw, 300px" /></a></p>
<p><a href="http://www.fewovermittlungkoeln.de/content/wp-content/uploads/P8110091.jpg" rel="lightbox[rink]"><img loading="lazy" class="alignnone size-medium wp-image-495" src="http://www.fewovermittlungkoeln.de/content/wp-content/uploads/P8110091-225x300.jpg" alt="" width="225" height="300" srcset="https://www.fewovermittlungkoeln.de/content/wp-content/uploads/P8110091-225x300.jpg 225w, https://www.fewovermittlungkoeln.de/content/wp-content/uploads/P8110091-113x150.jpg 113w, https://www.fewovermittlungkoeln.de/content/wp-content/uploads/P8110091-768x1024.jpg 768w, https://www.fewovermittlungkoeln.de/content/wp-content/uploads/P8110091.jpg 900w" sizes="(max-width: 225px) 100vw, 225px" /></a>   <a href="http://www.fewovermittlungkoeln.de/content/wp-content/uploads/P8110090.jpg" rel="lightbox[rink]"><img loading="lazy" class="alignnone size-medium wp-image-494" src="http://www.fewovermittlungkoeln.de/content/wp-content/uploads/P8110090-225x300.jpg" alt="" width="225" height="300" srcset="https://www.fewovermittlungkoeln.de/content/wp-content/uploads/P8110090-225x300.jpg 225w, https://www.fewovermittlungkoeln.de/content/wp-content/uploads/P8110090-113x150.jpg 113w, https://www.fewovermittlungkoeln.de/content/wp-content/uploads/P8110090-768x1024.jpg 768w, https://www.fewovermittlungkoeln.de/content/wp-content/uploads/P8110090.jpg 900w" sizes="(max-width: 225px) 100vw, 225px" /></a></p>
<p><a href="http://www.fewovermittlungkoeln.de/content/wp-content/uploads/P8110089.jpg" rel="lightbox[rink]"><img loading="lazy" class="alignnone size-medium wp-image-493" src="http://www.fewovermittlungkoeln.de/content/wp-content/uploads/P8110089-225x300.jpg" alt="" width="225" height="300" srcset="https://www.fewovermittlungkoeln.de/content/wp-content/uploads/P8110089-225x300.jpg 225w, https://www.fewovermittlungkoeln.de/content/wp-content/uploads/P8110089-113x150.jpg 113w, https://www.fewovermittlungkoeln.de/content/wp-content/uploads/P8110089-768x1024.jpg 768w, https://www.fewovermittlungkoeln.de/content/wp-content/uploads/P8110089.jpg 900w" sizes="(max-width: 225px) 100vw, 225px" /><br />
</a></p>
<p><iframe src="http://maps.google.de/maps?f=q&amp;source=s_q&amp;hl=de&amp;geocode=&amp;q=Montanusstra%C3%9Fe+64,+K%C3%B6ln&amp;sll=50.93608,6.961319&amp;sspn=0.007248,0.016544&amp;ie=UTF8&amp;hq=&amp;hnear=Montanusstra%C3%9Fe+64,+K%C3%B6ln+51065+K%C3%B6ln,+Nordrhein-Westfalen&amp;ll=50.966806,7.017946&amp;spn=0.018919,0.036478&amp;z=14&amp;iwloc=A&amp;output=embed" width="425" height="350" frameborder="0" marginwidth="0" marginheight="0" scrolling="no"></iframe></p>
<hr />
<h4 id="kontakt">Preisgestaltung:</h4>
<p>1 bis 2 Personen je Nacht:   <strong> 60 Euro*</strong><br />
3 Personen je Nacht:             <strong>70 Euro*</strong><br />
4 Personen je Nacht:             <strong>80 Euro*</strong></p>
<h5>Mindestaufenthalt: 2 Nächte<br />
Zu besonderen Ereignissen (z.B. Messezeiten, Karneval, Silvester) Preise auf Anfrage.</h5>
<h6>*Alle Preise inklusive Mehrwertsteuer (7%)<br />
bei privatem Aufenthalt zuzüglich 5% <a href="http://www.stadt-koeln.de/politik-und-verwaltung/finanzen/kulturfoerderabgabe" target="_blank" rel="noopener">Kulturförderabgabe</a> der Stadt Köln</h6>
<p><strong>Wohnraum ID NRW 003-3-0010065-22 </strong><br />
<span style="font-size: small;"><br />
Angaben zum Energieausweis: Baujahr 1957, Bedarfsausweis, Endenergiebedarf 120,5 kWh/(m²a), Gas, Energieeffizienzklasse im Ausweis nicht angegeben<br />
</span></p>
<hr />
<h3>gleich Verfügbarkeit erfragen unter <span style="color: #439fe0;">0176/82155932</span></h3>
<h3>oder schnell das <span style="color: #439fe0;">Kontaktformular </span>ausfüllen!</h3>

<p>Montanus 2 &#8211; Köln-Mülheim Für bis zu 4 Personen, komplett eingerichtete, 2 Zimmerwohnung (55 qm). Optimale Verkehrsanbindung, der Bahnhof Mülheim mit S-Bahn, U-Bahn und Zugverbindung ist fußläufig in wenigen Minuten erreichbar. Ausstattung: • Balkon   • Fernseher • Kühlschrank   • Toaster • Mikrowelle • Kaffeemaschine • Backofen gleich Verfügbarkeit erfragen unter 0176/82155932 bzw. per E-Mail unter</p>
